et f(z) = -7*z + 5. Let m be f(-4). Let w = 1 - -2. What is the greatest common divisor of w and m?
3
Suppose -3*z + 520 = -290. Calculate the highest common factor of 30 and z.
30
Let z be (-7)/(-1) + 2 + 1. Suppose -2 = -3*x + z. Suppose -5*b + 3*b - 22 = -a, 5*b + 97 = x*a. Calculate the highest common factor of 4 and a.
4
Suppose 3*u + 46 = 4*v, 18*u + 48 = 4*v + 14*u. Calculate the highest common factor of 30 and v.
10
Let t = -2 + 1. Let a be (-28)/12*6/t. Let f be (a/2)/((-5)/(-50)). What is the highest common factor of f and 28?
14
Let o be (2 + (-5)/3)*18. What is the highest common factor of 48 and o?
6
Suppose 2*b - 75 = -3*s, 4*s - 160 = -4*b + 8*s. What is the highest common divisor of 39 and b?
39
Suppose 0 = y - 0*y - 3. Suppose 100 = y*m - 233. Suppose -m + 426 = 5*x. Calculate the highest common divisor of 9 and x.
9
Let w be 23 + -4*(-5)/20. What is the greatest common factor of 72 and w?
24
Let u = 187 - 51. Let q be (-153)/6*(-12)/18. What is the greatest common factor of q and u?
17
Suppose 3*y = y + 4. Suppose -4*m - y*b = -16, 4*b - 1 = 15. Let q = 8 - 3. What is the greatest common factor of m and q?
1
Let z be ((-56)/3)/(2/(-6)). Suppose 3*y - 9 = -0. Suppose -m + 2*m = g + 9, -y*m + g + 25 = 0. What is the highest common divisor of z and m?
8
Suppose -2*z - 5 = -3*z. Suppose -f - 3*f + 216 = -d, 0 = 4*f - 4*d - 204. Calculate the greatest common factor of z and f.
5
Let w(s) = s**3 + 12*s**2 - s + 1. Let i(o) = -o**2 + o + 9. Let k be i(5). Let v be w(k). What is the greatest common divisor of 19 and v?
19
Suppose -3*y - 5*x = -130, 3*x + 20 = 7*x. Let v(n) = -n**3 - 8*n**2 - 8*n. Let f be v(-7). What is the highest common divisor of f and y?
7
Let k be (-40)/(-15)*(-27)/(-6). Calculate the greatest common divisor of k and 60.
12
Let t be (0 - -1) + 29 - 2. Let k = 14 - 10. Suppose 6 = u + u + s, 5*s - 6 = -k*u. Calculate the highest common divisor of t and u.
4
Suppose -15*x = -17*x + 40. Calculate the highest common divisor of 8 and x.
4
Let g be (-1 - 9/(-6))*4. Let t = -1 + g. What is the highest common divisor of 9 and t?
1
Suppose 2*k + 11 = a, 0 = -a - 5*k - 19 + 51. Calculate the greatest common factor of a and 85.
17
Let v(g) = -g**2 + 5*g + 4. Let o be v(6). Let a = 5 - o. Suppose 0 = k - a - 33. Calculate the greatest common factor of k and 5.
5
Let w be -49*((-3)/(-1) - 648/168). Calculate the greatest common factor of 21 and w.
21
Let n(u) = u**3 + 4*u**2 + 2*u. Let d be n(-2). Let i(g) = g**2 + g**2 - d + g - g**2. Let z be i(-5). What is the greatest common factor of 2 and z?
2
Let p be 40/4*7/2. Let u(g) = -g**2 - 9*g - 4. Let s be u(-6). What is the greatest common divisor of s and p?
7
Let c(i) = i**2 + 8*i + 8. Let g be c(-7). Let p = g - -1. What is the highest common divisor of 2 and p?
2
Let n = -4 + 6. Suppose 2*r + f = 11, -3*f = 2*r + f - n. Calculate the highest common factor of 77 and r.
7
Let i be (-40)/(-15) - (-6)/(-9). Suppose -4*y + 112 = -i*y. What is the greatest common factor of y and 8?
8
Let q(v) = 2*v**3 + 3*v**2 + v + 2. Let d be q(-2). Let i = d - -59. Suppose 4*r - 21 = 23. What is the highest common factor of r and i?
11
Let a be 1*(3 + 8)*1. What is the greatest common factor of a and 44?
11
Let h = 147 - 113. Calculate the greatest common factor of 34 and h.
34
Let q(p) = 17*p**2 + 2*p - 1. Let k be q(-2). Suppose -39 - 24 = -3*s. Calculate the greatest common divisor of s and k.
21
Suppose 0 = 5*x - 1 - 4. Let u be x/(-4) + 405/36. Let v be 6/3 + 97/1. What is the greatest common factor of v and u?
11
Let a be (-27)/2*(-6)/9. Let h be 484/a + 2/9. Let u = -4 - -10. Calculate the greatest common factor of u and h.
6
Let z = 109 - 62. Let o = 67 - z. Let r be (-258)/(-6) + (6 - 9). What is the greatest common divisor of r and o?
20
Let m(w) = w**3 + 12*w**2 - w - 14. Let a be m(-12). Let i(b) = 4*b**2 - 3*b - 2. Let u be i(a). Calculate the highest common divisor of 5 and u.
5
Let l = -12 - -14. Suppose m + l = 5. What is the greatest common factor of m and 21?
3
Suppose -5*t + 188 = -307. What is the greatest common factor of t and 9?
9
Let x = -62 + 91. Let y(j) = 3*j**3 + 5*j**2 - 2*j - 4. Let q be y(3). What is the greatest common factor of q and x?
29
Suppose -140 - 71 = -t. Let d = -44 + t. Suppose -11 = 4*q - d. Calculate the greatest common divisor of 13 and q.
13
Let l be 3/(-1*2/4). Let o be (-15 - l)*(-16)/6. What is the greatest common factor of 8 and o?
8
Suppose -5*k + 6 = -14. Let r = 64 - 24. Calculate the greatest common divisor of r and k.
4
Let b be 2/4 - (-428)/8. Let h = -28 + b. Calculate the greatest common divisor of 39 and h.
13
Let d be (0 - 1)*4/12*-12. Calculate the greatest common divisor of 2 and d.
2
Suppose 0 = -5*d + c + 48, c - 43 = -5*d - 1. Calculate the highest common divisor of 36 and d.
9
Let i = -27 - -52. Suppose 18*z + 10 = 20*z. Calculate the highest common factor of z and i.
5
Let j = -28 + 66. Let y be 9/6*-2 + 60. What is the greatest common factor of j and y?
19
Let x(p) be the first derivative of -p**3/3 + 3*p**2 - 5*p - 3. Let c be x(4). Suppose -c*a + 105 = 33. What is the greatest common divisor of a and 60?
12
Suppose 48 = -v + 4*v. Let q(y) = -4*y**3 + 5*y**2 + 2*y - 3. Let x be q(-3). What is the greatest common factor of x and v?
16
Let h be 1*(0 + 1)*-1*-1. Let r(d) = d**2 - 2*d. Let z be r(4). What is the greatest common divisor of z and h?
1
Let g = -52 - -108. Calculate the highest common factor of g and 8.
8
Let r(n) = n + 6. Let z be r(-3). What is the highest common divisor of z and 6?
3
Let f be 30*1*6/4. Suppose -y + 5*y = 5*i + 15, -5 = -2*y + 5*i. Calculate the greatest common divisor of y and f.
5
Let c be -1 + (-2 + 4)/((-1)/(-26)). What is the highest common factor of c and 17?
17
Let z(u) = -10*u + 2. Let m(s) = 5*s**2 + s + 5 - 4 - 6*s**2. Let q(r) = -2*m(r) - z(r). Let p be q(-6). Calculate the highest common factor of p and 60.
20
Let v = 69 + -52. What is the greatest common factor of v and 119?
17
Suppose -3*h - 1 = -t, 4*h - 29 = -t - 0*t. What is the highest common divisor of t and 65?
13
Let u be (-18)/(-8)*(-288)/27. Suppose 0 = -2*o - 9 + 1. Let j be (1 + o)*u/3. What is the highest common divisor of j and 8?
8
Suppose -3*f - 3*z = -8*z - 60, z + 78 = 5*f. Calculate the highest common divisor of f and 75.
15
Let o(l) = l**2 + 9*l - 23. Let j be o(-12). Calculate the greatest common factor of j and 78.
13
Let y be ((-4)/(-8))/((-1)/(-180)). Let h = 37 - 19. Calculate the greatest common factor of h and y.
18
Let m(t) = t**2 + 4. Let v be m(0). Suppose -22 = -v*z + 18. Calculate the greatest common divisor of z and 10.
10
Let u(h) = h**2 - 10*h + 11. Let w be u(10). Let i be ((-31)/(-3))/(1/18). Let x = i + -131. What is the highest common factor of x and w?
11
Suppose 9 = 4*g - 3. Suppose g*n = -f - f + 12, -2*n + 19 = 5*f. What is the greatest common factor of 3 and f?
3
Let y(v) = 7*v**3 + v**2 + v - 1. Let w be y(1). Let t be 6*(30/9 - 3). Calculate the greatest common divisor of w and t.
2
Let s be ((-7)/(-2))/(2/16). Suppose -34 = -x + 2*d, 2*d = 5*x - 52 - 150. Calculate the highest common factor of s and x.
14
Let f = 59 - 35. Let o = 10 - 19. Let g be (30/o)/(1/(-18)). Calculate the highest common factor of g and f.
12
Let v = 23 - 13. Suppose 0 = -2*m + 220 - 0. What is the greatest common factor of v and m?
10
Let a be 141/21 - 4/(-14). What is the highest common divisor of a and 63?
7
Suppose w - 5 = -5*x, -5*x + 6*x = w - 17. Calculate the highest common divisor of w and 15.
15
Let y be 3 + (3 + -4 - -2). Calculate the greatest common factor of y and 4.
4
Let t = -27 + 32. What is the highest common factor of t and 10?
5
Suppose 9*q - 4*q = 20. Suppose -q*s - 4*c = -28, -3*s - 2*c + 19 = -0*s. What is the greatest common divisor of 5 and s?
5
Let c = 98 - 77. What is the highest common divisor of c and 7?
7
Suppose 2*m - 8 = -5*s + 1, -m + 2*s = 0. Suppose 3*r + 28 = m*n, -4*r = -0*n + 4*n - 16. What is the greatest common divisor of n and 2?
2
Let m be 9*(-8)/(-6) + -2. Let l be (-1)/(-3 + 10/4). Calculate the highest common divisor of l and m.
2
Let y(r) = -2*r**2 - 2*r + 3. Let w be y(-3). Let s be 2/(6/w) + 17. What is the highest common factor of s and 154?
14
Suppose 9*b = 15